k. What is the remainder when 50 is divided by k?
14
Let c = -30 - -59. Let j = -15 + c. Calculate the remainder when (-12)/(-5) + 2/(-5) - -23 is divided by j.
11
Suppose -15*b = -19*b + 32. Calculate the remainder when (42/b + 0)*4 is divided by 12.
9
Suppose -4*t + 7 + 1 = 0. Suppose 0*s + t*s - 26 = 0. Let j = 4 + 21. What is the remainder when j is divided by s?
12
Suppose 18*v = 37*v - 1824. What is the remainder when v is divided by 54?
42
Let b(m) = -m**3 + 48*m**2 - 92*m + 20. Suppose -4*t + 25 = -3. What is the remainder when b(46) is divided by t?
6
Suppose 45 = 74*n - 73*n + 3*t, -t = 1. What is the remainder when -278*(1/(-2) + 0) is divided by n?
43
Suppose 0 = -3*z + 4*o + 29, -o = -2*z + 4*o + 31. Suppose -3*s = z*n - 384, -5*n - s + 541 = -103. What is the remainder when n is divided by 22?
19
Suppose -2 - 14 = -4*k. Suppose -3*c + 146 = -k*v, -3*v + 178 = 3*c + v. What is the remainder when c is divided by (-4)/((-32)/(-76))*-2?
16
Suppose 16 = -7*v + 464. Calculate the remainder when v is divided by 33.
31
Suppose 71*h + 35 = 76*h. Calculate the remainder when 82 is divided by h.
5
Suppose -7*l + 316 = 120. What is the remainder when l is divided by 10?
8
Suppose 45*g - 46*g + 2*t + 142 = 0, -3*g + 2*t + 410 = 0. Calculate the remainder when 248 is divided by g.
114
Suppose 5*j - a - 268 = 0, -a - 262 = -5*j + 3*a. Calculate the remainder when j is divided by 21.
12
Suppose -13*a + 133 = 6*a. Calculate the remainder when 88 is divided by a.
4
Let a(j) = 2*j + 4. What is the remainder when a(6) is divided by -2 + (4 - -3) + 4?
7
Let g = -275 - -284. What is the remainder when 35 is divided by g?
8
Suppose 0 = -3*s + 36. Let g(c) = -11*c. Suppose 5*t + 3*y + 8 = -11, 5*t - 2*y = -4. What is the remainder when g(t) is divided by s?
10
Let b = -238 - -344. Suppose 0 = 3*p + 12, -3*p = 2*j + p - 20. What is the remainder when b is divided by j?
16
Let a = 27 + -29. Let n = a + -4. Calculate the remainder when 8 is divided by (10/(-4))/(3/n).
3
Let n = 795 - 787. Calculate the remainder when 38 is divided by n.
6
Let d be (-2)/5 - 16/10. Suppose k + 5*l = 5*k - 99, -2*l - 24 = -k. What is the remainder when k is divided by (d + 1/1)*-9?
8
Suppose 39 = i - 2*q, -65 - 28 = -3*i - 2*q. What is the remainder when 60 is divided by i?
27
Suppose -78*s + 63 = -75*s. What is the remainder when 23 is divided by s?
2
Let p = 273 + -256. Suppose j - 12 = -2*l, 3*l - 5*l = 2*j - 22. Let z = p - j. Calculate the remainder when 26 is divided by z.
5
Suppose -2 = 4*c - 2*u, 3*u = c + 4 + 9. Let h(r) = -7*r - 3. What is the remainder when h(-2) is divided by (5/c)/(45/108)?
5
Suppose 3*l = 2*t - 7 - 0, -2*l = -4*t + 26. What is the remainder when 210/9 - (60/18 - 3) is divided by t?
7
What is the remainder when (1 + 0)*((-12)/(-6) + 3) is divided by 4?
1
What is the remainder when 27496/952 - (-2)/17 is divided by 6?
5
What is the remainder when -3*8/(216/(-8325)) is divided by 58?
55
Suppose 2*j - 10 - 46 = 0. Calculate the remainder when j is divided by 11.
6
Suppose -3*z + 6*z - 9 = 0. Let k = z - 15. Let i = 24 + k. Calculate the remainder when i is divided by 5.
2
Let q = 776 + -772. What is the remainder when 69 is divided by q?
1
Suppose 15 = 5*i, 5*v - 32 = 2*i + 77. What is the remainder when 457 is divided by v?
20
Let i(n) = -n**3 - 10*n**2 + 13*n + 45. What is the remainder when 55 is divided by i(-11)?
9
Let p(n) = 5*n - 16. Let l be p(2). Calculate the remainder when 4 is divided by 12/(-18)*9/l.
0
Let g = 648 - 633. Let k be (-18)/(-8) - (-1)/(-4). Suppose r = -5*h + 144, -3*r + 47 = k*h - 8. What is the remainder when h is divided by g?
14
Let m(l) = 3*l + 34. Let i be m(-6). Let j = i + -11. What is the remainder when j is divided by 2?
1
Suppose 4*f = -5*g + 424, 4*f + 5*g = 3*f + 91. What is the remainder when f is divided by 32?
15
Suppose -238*s + 8085 = -223*s. Calculate the remainder when s is divided by 9.
8
Let l = -111 - -143. Suppose 4*u + d - 13 = 4*d, 4*d - 41 = -3*u. What is the remainder when l is divided by u?
4
Let t(z) = 8*z - 24. Let o be (7 + 0)*6/7. What is the remainder when t(o) is divided by 5?
4
Let x = -21 - -22. Suppose 0 = -5*k + 5*c + 55, k + 7*c = 2*c + 23. What is the remainder when (15/12)/(x/28) is divided by k?
9
Suppose 5*z = -6*d + 7*d - 14, 0 = 5*d - z - 94. Suppose 5 = n + 2*l, 4 = -2*l - 2*l. Calculate the remainder when d is divided by n.
5
Suppose -j - 15 + 45 = 2*u, -5*j - u + 132 = 0. Calculate the remainder when 490 is divided by j.
22
Let x = 21 - -44. Calculate the remainder when 254 is divided by x.
59
Let t(k) = -k**3 - 2*k**2 + 2. Let x = 33 + -29. Calculate the remainder when t(-3) is divided by x.
3
Suppose 4 = -d + 4*g, -5*g + 27 = 7. Suppose -3*c + 39 = -0*c. Suppose -5*r - 4*t + 41 = 0, -c = -6*r + r + 3*t. What is the remainder when d is divided by r?
2
Let j(i) = -66*i**3 + 2*i**2 + 13*i + 12. What is the remainder when 801 is divided by j(-1)?
64
Let f(s) = s**3 - 5*s**2 - 3*s - 1. Calculate the remainder when f(7) is divided by -3 - (575/(-20) - 1/4).
24
Let d = -7 - -17. Let u = 1 - d. Let t = u - -23. What is the remainder when 55 is divided by t?
13
Let d = -674 - -757. Calculate the remainder when 186 is divided by d.
20
Let i = -2 + 7. Suppose 3*w + 3*h = -0*w + 123, 0 = -w + i*h + 65. Calculate the remainder when w is divided by 1/((-6)/(-138) + 0).
22
Let x be -1 + 4 + (-1 - 6). Let g be (-62)/x + (-9)/18. Suppose g = u - 1. What is the remainder when 45 is divided by u?
13
Let t(z) be the first derivative of -2*z**3/3 + 17*z**2 - 12*z - 8. Calculate the remainder when 190 is divided by t(15).
46
Let g(c) = c**2 + 2*c - 6. What is the remainder when 4/(-10) + (1032/(-15))/(-2) is divided by g(-5)?
7
Let t = -19 - -27. Let x(z) = t*z + 2*z + 2 - 7*z. Calculate the remainder when 30 is divided by x(5).
13
Let s(a) = 2*a - 55. What is the remainder when 21 + -1 + 1 + -2 is divided by s(30)?
4
Let j(v) = -v**2 + 427*v - 7730. Suppose 4*c - 12 = -2*o + 30, 25 = -5*c. Let k = -19 + o. Calculate the remainder when j(19) is divided by k.
10
Suppose 10*c + 450 = 40*c. Let b(h) = 2*h**2 + 6*h - 7. Let i be 2 - (-2 + (-2)/2). What is the remainder when b(i) is divided by c?
13
Let g = -4 - -5. Let x be -1*(-1)/g + 4. What is the remainder when (-5)/10*x*-14 is divided by 12?
11
Let v(s) = -s**3 - 2*s**2 + 3. Let i be v(-2). Suppose 0 = -0*w + i*w - 6. What is the remainder when 656/10 - w/(-5) is divided by 23?
20
Let p be ((-11)/(-22))/((-1)/710). Calculate the remainder when (-1)/(2 - (-715)/p) is divided by 18.
17
Let f(s) = s**3 - 11*s**2 + 19*s + 20. What is the remainder when f(9) is divided by 9?
2
Let z = -37 + 61. Let s = -4 + 2. What is the remainder when 14 is divided by (z/4)/(s/(-3))?
5
Suppose 2*a = 5*v + 7, a - v - 12 + 1 = 0. Calculate the remainder when 46 is divided by a.
14
Let l(h) = -10*h - 2. Let o be l(-7). Suppose 0*f - o = -4*f. Let w(n) = 21*n + 579. Calculate the remainder when w(-26) is divided by f.
16
Suppose 41 = 4*k + 4*o - o, 0 = 4*k - 4*o - 76. Calculate the remainder when 66 is divided by k.
10
Suppose 0*d = -3*d. Suppose 5*k = v + v - 7, d = 3*v - k - 43. Calculate the remainder when 17 is divided by v.
1
Calculate the remainder when ((-15)/(-2))/((-9)/720*-3) is divided by 34.
30
Let h(n) = -5*n**3 - 8*n**2 - 9*n + 10. Let g(r) = -4*r**3 - 8*r**2 - 8*r + 9. Let b(x) = -7*g(x) + 6*h(x). What is the remainder when 29 is divided by b(4)?
4
Let i = -30 + 33. Suppose 50 = 2*x - 4*n, 7 = i*x + 2*n - 36. What is the remainder when 84 is divided by x?
16
Let l(z) = -3*z**2 + 3*z - z**3 - 2 - 9*z - 3*z**2. Let t be l(-5). What is the remainder when (64/12)/(2/t) is divided by 3?
2
Let c be (1 - 0)*(-4)/((-8)/86). Let o = c - 32. What is the remainder when 43 is divided by o?
10
Suppose 68 = 4*f - 88. Let q(u) = 2*u**2 + 2*u - 28. Calculate the remainder when q(8) is divided by f.
38
Let l(a) = a + 13. Let d(b) = -b - 14. Let j(g) = -6*d(g) - 7*l(g). Let i be j(-13). Calculate the remainder when 7 is divided by i*2*(-3)/(-12).
1
Let m = -373 + 399. Let r = 43 - 13. Suppose r = 4*q - m. Calculate the remainder when 53 is divided by q.
11
Let q be (1 + -2)*1 + 41. Suppose -3*f + 5*k = -q, -3*f - 4*k = -3*k - 10. What is the remainder when -1 + 3/6*